t i = 151 + -21. Calculate the highest common factor of i and 52.
26
Let s = -11 + 43. Calculate the highest common divisor of s and 48.
16
Let h = -9 - -13. Let u be 1/(h/(-2 + 382)). Calculate the greatest common factor of u and 19.
19
Suppose 0 = -0*q + 3*q - 9. Suppose 3*m + q = 5*p - 4, 0 = m - p + 1. Let w be m/(-3) - 1322/(-6). Calculate the greatest common divisor of w and 20.
20
Suppose 2*q + 0*q = -8. Let g be 126/8 - q/16. Suppose 528 = -0*h + 3*h. Calculate the highest common factor of h and g.
16
Suppose -14*s - 19 = -327. What is the highest common factor of 154 and s?
22
Let p(y) = -7*y**3 - 2*y**2 + 2*y - 1. Let t be p(1). Let x be (22/t)/((-1)/8). What is the highest common divisor of 2 and x?
2
Let d be 152/6*30/20. Let h = 54 - d. What is the greatest common divisor of h and 16?
16
Let f be 39*(12/9 + 2). Suppose 74 - 204 = -5*s. Calculate the highest common factor of f and s.
26
Let x(o) = o - 10. Let g be x(12). Suppose 17 = g*j - 23. Calculate the greatest common divisor of 8 and j.
4
Let r be 1/3 - 80/(-12). Calculate the greatest common factor of r and 56.
7
Let v(c) = -3 - 5*c**2 + 4*c**2 - 4*c**2 - c**3 - c - 6*c**2. Let s be v(-11). Suppose -l + 30 + 34 = 0. What is the greatest common factor of l and s?
8
Let w(b) = -6*b**3 + b**2 - 1. Let g be w(-1). What is the highest common divisor of 12 and g?
6
Let i(q) = -9*q + 3. Let a = 9 - 14. Let g(m) = m + 2. Let l be g(a). Let k be i(l). What is the greatest common factor of k and 10?
10
Let f(l) = -l + 13. Let i be f(8). Suppose -13 = i*t - 103. Let q be (-5)/((-15)/366) + 4. Calculate the greatest common factor of q and t.
18
Let r(t) = 8*t - 19. Let k be r(8). Calculate the greatest common divisor of 5 and k.
5
Let q = 146 + -101. Suppose g + 2*g - q = 0. What is the greatest common divisor of 6 and g?
3
Let t be 2/(3/((-270)/(-4))). Suppose -7*l + 109 = -17. Calculate the greatest common factor of l and t.
9
Suppose -3*m + k + 4*k + 62 = 0, m + 3*k = 30. Suppose -4*b + b = -15, -5*c - 3*b + 30 = 0. What is the greatest common divisor of c and m?
3
Let c(u) = 2*u + 4. Let x be c(2). Let m = x - 4. Calculate the greatest common divisor of 28 and m.
4
Let f = 23 + 3. Calculate the highest common divisor of f and 26.
26
Suppose 3*a = 8*a - 35. Suppose p + 1 = -1. Let t be 114/a + p/7. Calculate the greatest common factor of 40 and t.
8
Suppose -2*w + 205 = 2*o - 23, 2*o - 228 = 3*w. What is the greatest common factor of o and 76?
38
Let j(g) = -9*g + 6. Let m be j(-4). What is the greatest common factor of m and 28?
14
Let x be 10 + -5 - 7 - 26/(-2). Let z(s) = -s**3 + 8*s**2 - 3*s - 3. Let n be z(3). What is the highest common factor of x and n?
11
Let q be (19/(-2))/(5/(-10)). Let c = 1 - 0. Suppose -3*p + 5*f = c, 3*p + 0*f - f = q. Calculate the greatest common divisor of p and 2.
2
Suppose 4*v - 12 = -2*o - 2*o, -3*v = -2*o + 26. Let g = 17 + o. What is the greatest common factor of 4 and g?
4
Let i(m) = -m**3 - 8*m**2 - 4. Let o be i(-8). Let u(c) = -c - 4. Let s be u(o). Suppose -2*j + s*j = -26. What is the greatest common divisor of j and 91?
13
Let z = 0 - 2. Let b = 2 - z. Let v be (-16)/(-10)*(-5)/(-2). What is the greatest common factor of b and v?
4
Let n be 1 + (0/2 - -1). Suppose 0 + 12 = -5*x + b, -x - 3*b - 12 = 0. Let j(q) = -8*q - 2. Let r be j(x). Calculate the highest common divisor of n and r.
2
Suppose 4 = -4*d + 3*d. Let a be 10/(2/d*2). Let b be (-3)/(-15) - 218/a. Calculate the greatest common factor of 33 and b.
11
Let t be -5*(0 + -1)/1. Suppose 14 = w - t*d + 2*d, -w - d + 2 = 0. Calculate the greatest common divisor of w and 25.
5
Let p(v) = -v**3 + 11*v**2 - 10*v + 15. Let b be p(10). Let q(n) = n**2 - n + 60. Let r be q(0). Calculate the highest common factor of r and b.
15
Let b = 500 + -247. Suppose -4*l + 2*x = -5*l + 131, -x = 2*l - b. Calculate the highest common divisor of l and 50.
25
Suppose -l - 6 = -5*n + 3, -3*l + 2*n - 1 = 0. Let r be (-327)/(-12) + l/(-4). Let c be (-4 + 0)/(-4) + 8. Calculate the greatest common factor of c and r.
9
Let a be (-9)/(-21) + (-12)/28. Suppose n = -5*j + 1153, -j + 2*n + a*n + 235 = 0. What is the highest common divisor of 21 and j?
21
Let m(z) = 3*z + 6*z - 7*z + 4. Let b be m(3). Calculate the greatest common divisor of b and 20.
10
Suppose 36 = -m + 3*m - b, -m = b - 18. Calculate the highest common factor of m and 48.
6
Let v be 26/117 - 50/(-18). Let x(g) = 8*g + 1. Let y = 9 + -5. Let r be x(y). What is the greatest common factor of r and v?
3
Let r(y) = y - 9. Let p be r(7). Let d be p/(-1) - 2/2. Suppose 3*t = -4*a + 4 + 3, 4 = -t + 5*a. Calculate the greatest common divisor of d and t.
1
Let n(z) be the first derivative of -z**2/2 + 2*z + 4. Let w be n(-2). Suppose -7 = w*m + 9, 3*i - 3*m - 180 = 0. What is the highest common factor of 14 and i?
14
Suppose -2*u - u - 189 = 0. Let o be (-2)/7 - 10413/u. Calculate the highest common divisor of o and 66.
33
Let y(a) be the second derivative of a**3/6 - 3*a**2 + a. Let d be y(6). Suppose 6 + d = 3*z. Calculate the highest common divisor of z and 3.
1
Let j be (-6)/(-9) - (-566)/6. Let s(g) = g**2 + g - 6. Let v be s(5). Let d be 904/v + (-1)/(-3). Calculate the highest common divisor of d and j.
19
Suppose 5*y - 20 = 15. Calculate the highest common factor of y and 7.
7
Let a(c) = -c + 13. Let t be a(-18). Let k be 32 + (4/(-2) - -1). What is the greatest common factor of k and t?
31
Let j be (6/4)/3 - (-87)/2. Calculate the highest common divisor of 4 and j.
4
Let v(d) = -d**3 + 5*d**2 + d - 2. Let m be v(5). What is the greatest common divisor of 27 and m?
3
Let f be (-2 - 1)*(-8)/12. Suppose 0 = -d + 5*d - 20. Calculate the greatest common factor of d and f.
1
Let m = -9 + 10. What is the highest common factor of 11 and m?
1
Suppose -4*f + 52 = -2*c, 2*f - 65 = -3*f - c. Calculate the greatest common divisor of 65 and f.
13
Let x(u) = u**3 + 3*u**2 + 5. Let v be x(-4). Let l be (v/4)/(6/(-24)). Calculate the highest common factor of l and 99.
11
Let h be 3/9 + (-46)/(-6). Suppose 3*z = 4*p + 84, -5*z - p = -2*p - 123. Calculate the greatest common divisor of h and z.
8
Let z(c) = -c**3 + 4*c**2 + 2*c - 3. Let n be z(2). Let i(j) = -4*j - 11. Let q be i(-14). What is the greatest common factor of q and n?
9
Suppose 3*r - 37 = 11. What is the highest common factor of r and 144?
16
Let y = -9 + 49. Suppose -r + 16 = -0*r. Calculate the highest common divisor of y and r.
8
Suppose -4*u + 76 = -8*u. Let j = 119 + u. What is the highest common factor of j and 20?
20
Let a(g) = -2*g - 3. Let n be a(-4). Calculate the highest common divisor of 30 and n.
5
Suppose -4*k = -5*q + 1 + 2, 4*k = -3*q + 21. Suppose 8*p - 5 = k*p. Suppose 4*a + p = 2*y - 35, -47 = -4*y + 3*a. What is the highest common factor of y and 8?
8
Let f(j) = j**2 - 3*j - 8. Let w be f(7). Calculate the highest common factor of w and 20.
20
Suppose 0 = 3*k - 0*k + 6. Let v = -2 - k. Let g be 6 - (-1 + (v - -2)). Calculate the highest common divisor of g and 30.
5
Suppose 4 = -0*o - 2*o. Let v be -2*(-6)/2 + o. Let w = v - 2. Calculate the greatest common divisor of w and 4.
2
Let x(f) = -f - 1. Suppose l - 5*r - 16 = -r, 3*l - 3*r = 3. Let v be x(l). Let y be 2 - 2 - v - -68. Calculate the highest common divisor of 13 and y.
13
Let b = 100 - 40. What is the highest common factor of b and 15?
15
Let x = 553 - 488. Let f = 34 - 8. Calculate the greatest common divisor of f and x.
13
Let i be ((-1)/2)/(7/(-98)). Let w = i - 6. Let n be w/(-1 - 8/(-6)). What is the highest common factor of n and 3?
3
Let a(b) = -b**2 + 4*b + 7. Suppose 7 + 8 = 3*g. Let s be a(g). Suppose 4*l - 18 = -3*q, 4*q + 0*l - 2 = 2*l. What is the greatest common divisor of q and s?
2
Suppose -7*c + 908 = -226. What is the greatest common factor of 18 and c?
18
Let z(l) = 2*l**2 + 3. Let s be z(-9). Suppose 116 = 3*c + 2*n + 1, -5*c + 2*n = -s. Calculate the greatest common factor of c and 5.
5
Let x be 1 - 1*(-5 + -2). Calculate the highest common divisor of x and 56.
8
Let h = 25 + -13. Suppose -2*a - 4*f = f - 140, 4*a = -f + 244. What is the highest common factor of h and a?
12
Suppose -7 = -v + 15. Calculate the greatest common divisor of v and 2.
2
Let h be (2 - -1)/((-6)/(-8)). Suppose l = 4*l + h*